28 - 40 = -4*c. Suppose 5*i - 4*s = -c, 2*i + 4*s - 8 = s. Let w(n) = 3*n. Give w(i).
3
Let g(c) = -11*c + 3. Let i(r) = r - 1. Let d(f) = 20*f - 8. Let b(p) = -2*d(p) + 6*i(p). Let t(j) = -2*b(j) + 7*g(j). Suppose -3*z - 454 = -457. Give t(z).
-8
Suppose -3*d + 7*d = -3*r - 280, -r = 4. Let a = d - -71. Suppose 5 = 2*h - a*z - 7, 2*h - z = 3. Let x(y) = y - 1. Give x(h).
-1
Suppose -15 = 5*c - 5*t, 4*c - 12 = 3*t - 7*t. Let j(g) = 9 - 8 + g**2 - 3*g**2 - g. Give j(c).
1
Let a(j) = -27*j - 535. Let c(g) = 91*g + 1605. Let n(p) = 11*a(p) + 4*c(p). Determine n(-8).
-1
Let j be 32/(-8) + 3 + -2 + -2. Let r(k) be the second derivative of -5*k**3/6 - 7*k**2/2 - 8*k. Calculate r(j).
18
Let x = -47 - -59. Let n(j) = 4*j - x*j + j**3 + 12 - 4*j**2 + 12*j**2 + 1. What is n(-9)?
4
Let a(z) be the third derivative of -z**6/120 - z**5/6 - z**4/6 + 10*z**3/3 - 3*z**2 + 216*z. Give a(-9).
-25
Let m(c) = 4*c**2 - 3*c + 2. Let u be m(1). Let i(l) = -5*l - 3. Let b be i(u). Let t be (16/(-24))/((-4)/b). Let n(r) = r**3 + 2*r**2 + r + 3. Determine n(t).
-9
Let k(x) = -2*x**2 + 19*x + 21. Suppose 2*v - 122 = -5*d - 127, 0 = 5*v + 2*d - 40. What is k(v)?
11
Let m(u) = -2 + 2 + 3*u**2 + 25*u**2 - 27*u**2 + u**3 + u. Calculate m(0).
0
Let q(o) = 3*o**2 - 2*o - 5. Let b(l) be the third derivative of l**5/15 - l**4/12 - l**3 + 140*l**2. Let g(p) = -4*b(p) + 5*q(p). Give g(-1).
0
Let c(p) = -303*p - 121 - 85 + 130*p + 159*p. Calculate c(-15).
4
Suppose 151*r - 210 = 130*r. Let w(s) be the third derivative of s**4/24 - 3*s**3/2 + 2*s**2. Calculate w(r).
1
Let z(o) be the second derivative of -o**5/20 + 3*o**4/4 + 13*o**2/2 - 82*o. Determine z(9).
13
Let w(f) be the third derivative of 17*f**4/12 + 215*f**3/2 + 7103*f**2. Calculate w(-19).
-1
Let p(f) = f**3 + 11*f**2 - 8*f - 84. Let q be p(-11). Suppose -5*b + q*b = 4*w + 13, 5*w + 18 = -3*b. Let c(m) = -2*m + 1. Give c(w).
7
Let m(f) = -22777*f + 45559*f - 12 - 22786*f. What is m(-5)?
8
Let f(g) = -8803*g - g**2 - 2 + 3 + 8813*g + 2*g**2 + 2. What is f(-7)?
-18
Let z(y) = -y**3 + 2*y - 7*y**2 - 232 + 122 + 111. What is z(-7)?
-13
Let k(r) = 3*r**2 - 2*r + 9. Let b be k(-3). Let c(n) = -46*n + b*n + 10*n. Give c(2).
12
Let u(z) = -2*z**3 - 8*z**2 - 14*z - 17. Suppose -35 = 5*a, 7*a - 6*a = 5*t + 13. What is u(t)?
39
Let t(x) = -4*x**3 - x**2 - 2*x. Let n be t(-2). Suppose -4 = -7*u - n. Let j(i) = -i - 10. Calculate j(u).
-6
Let q(h) be the first derivative of -41*h**2/2 + 611*h + 432. Calculate q(15).
-4
Let v(j) be the second derivative of j**4/3 - j**3/3 - j**2 + 186*j. Let q = 16 - 14. Calculate v(q).
10
Let s(v) = -v**3 - 133*v + 63*v - 4*v**2 + 62*v - 4. Determine s(-3).
11
Let x(p) be the second derivative of -p**3/6 - 22*p. Let b be 2/(-7) - (-1692)/42. Let m = b - 35. What is x(m)?
-5
Let m = 3 - 5. Let w = m - 1. Let t(f) = -768*f. Let g(x) = 6145*x + 1. Let r(o) = g(o) + 8*t(o). Give r(w).
-2
Let r(u) be the third derivative of 1/8*u**4 + 0*u - 2*u**2 + 1/6*u**3 + 0. Let v be (-3 + 1*-2)*85/85. Determine r(v).
-14
Let t be (0 + 0)*(12 + -2)/20 + -2. Let a(w) = 9*w**2 + 9*w - 2. Calculate a(t).
16
Let c(d) = -9*d**2 + 69*d - 28. Let p(l) = -4*l**2 + 31*l - 12. Let t(w) = 3*c(w) - 7*p(w). What is t(4)?
-24
Let f(q) = -6*q - 32. Let h(k) = -10*k - 24. Let s(n) = 6*f(n) - 5*h(n). Determine s(6).
12
Let r(c) = -25*c - 169 + 11*c - c - 9*c. Calculate r(-7).
-1
Let w(m) = m**2 + 11 + 28 - 237*m - 5 + 251*m. Determine w(-9).
-11
Let s(j) be the second derivative of -57*j - 1/2*j**2 - 5/3*j**3 + 0. Determine s(-1).
9
Let s(b) = -1296*b + 1 + 644*b + 644*b. Let f(a) = a**2 + 3*a - 5. Let c be f(-4). Determine s(c).
9
Let a = 2587 - 2581. Let b(h) = -h. Let d(q) = 3*q - 9. Suppose -5*c + 13 = -4*v, c = 5*v - 0*v + 11. Let i(t) = c*d(t) + b(t). Calculate i(a).
3
Let p(v) be the second derivative of v**5/20 - 4*v**4/3 + 4*v**3/3 + 91*v**2/2 - 4353*v. What is p(15)?
-14
Let o(r) = 44*r**2 + 6*r - 1. Let h = -14521 - -14522. Determine o(h).
49
Suppose -168*h - 4224 = -179*h. Let g(x) = -380*x + 5 - h*x + 758*x. What is g(4)?
-19
Let s(l) = 2*l + 35. Let z be s(-16). Let h(f) = -4*f**2 + 3*f**z - 2*f**2 - 4*f + 4*f**3 - 2*f**3 - 6*f**3 - 7. What is h(-5)?
-12
Let i be 7155/(-1855) - (-2)/(-14). Let b(m) = -3*m - 13. Give b(i).
-1
Let j(y) = y + 1. Let d(v) = -4*v - 2. Suppose 4*l = -2*l + l. Let p be d(l). Determine j(p).
-1
Suppose 0 = -90*y + 95*y - 30. Let l(z) = -5 - 1 - z**2 + 4 + 1 + 8*z. Calculate l(y).
11
Let p(h) = 11*h**2 + 36*h + 8. Let r(z) = 13*z**2 + 42*z + 11. Let s(k) = -6*p(k) + 5*r(k). Determine s(-11).
-48
Let x(l) = -5 + 3*l**3 - 4*l**3 - 45*l**2 + 25*l**2 + l + 14*l**2. Suppose 4*h = 3*h. Suppose -3*q + 3*u = 30, -4*u + 28 = -2*q - h*q. Determine x(q).
-11
Let j = -33 + 36. Suppose j*n + 15 = -0*n. Let v be ((-2)/n)/(6/(-30)). Let k(i) = -3*i**2 - i - 2. Calculate k(v).
-12
Let z(q) be the third derivative of -11*q**4/24 - 73*q**3/6 - 5*q**2 - q. Determine z(-6).
-7
Let k(d) = 14*d + 12. Let x(q) = -4*q - 5. Let g(i) = 3*k(i) + 10*x(i). Give g(5).
-4
Let h be 9 + (-14)/(-7) + -4. Let m(w) = h*w - 4*w - 6*w. Suppose -6*x + 3 = -3*x. Determine m(x).
-3
Let m(c) = -c**3 - 6*c**2 + c + 8. Let i be m(-6). Let b(u) = 11*u**3 - 2*u**2 + 4*u**2 + u - i*u. Let v = -152139 - -152140. Give b(v).
12
Let b(u) be the first derivative of -6*u**2 - 6. Let g(f) = -11*f + 10. Let l(z) = 6*z - 6. Let c(n) = 3*g(n) + 5*l(n). Let m(x) = 2*b(x) - 9*c(x). Give m(-2).
-6
Let m(p) = -37*p - 113. Let j(n) = -13*n - 40. Let i(h) = 17*j(h) - 6*m(h). Suppose 3*s + 3*b - 12 = -0*b, 26 = 3*s - 4*b. Let c = -6 + s. Give i(c).
-2
Let t(p) = 0*p**2 + p**2 + 5 - 4*p - 3 - 5*p. Let n(u) = -7*u. Let l(q) = 20*q. Let b(i) = 6*l(i) + 17*n(i). Let j(g) = -6*b(g) - t(g). What is j(3)?
-2
Let h = 303 - 300. Let x(d) = -d**3 - d**2. Let k(l) = -2*l**3 - 9*l**2 + 4*l - 3. Let j(u) = h*x(u) - k(u). Suppose 0 = s - 3 - 2. Determine j(s).
8
Let c(t) = -96*t**2 + 13*t + 5. Let j(u) = -55*u**2 + 7*u + 3. Let f(o) = -4*c(o) + 7*j(o). Let n be (-22)/5 - 4/(-10). What is f(n)?
-3
Let b(o) = -26*o**2 - 1534*o + 4. Let s be b(-59). Let i be (-16)/(-6) - 3/(-9). Let m(r) = i*r - 4*r - r - 5 + 4*r. Determine m(s).
3
Let y(d) = 5*d**3 + 12*d**2 + 5*d - 5. Let p(w) = -9*w**3 - 20*w**2 - 11*w + 10. Let z(f) = 4*p(f) + 7*y(f). Determine z(2).
-5
Suppose -3*a - 2*j = -18, a + 4*j = 5*a - 4. Let c(q) = -a*q + 4 + 0*q + q - q. Determine c(-6).
28
Let b(w) be the third derivative of w**6/120 + 3*w**5/10 - w**4/24 - 19*w**3/6 + 4689*w**2. Determine b(-18).
-1
Let g be -5*(0 + -1) + -1. Let i(q) = -25*q - 50. Let c be i(-5). Let a(p) = -76 + 154 - c - p. Give a(g).
-1
Suppose 56*n - 825 = 77*n - 334*n + 114. Suppose -4*x + 15 = x. Let i(h) = -2*h**3 - h - 4*h**2 + 0*h**x + 1 + 3*h**3. What is i(n)?
-11
Let m be 5/((65/(-6))/(-13)). Suppose -2 = z - 7. Let b(w) = 35*w + 29*w - 63*w + z. Give b(m).
11
Let r(d) = -51*d**2 + 2*d. Suppose -5*m - 58*q + 63*q + 5 = 0, -4*q + 3 = 3*m. What is r(m)?
-49
Let y(f) = f**2 + 8*f - 39. Let i(d) = -2*d**2 - 46*d + 205. Let s be i(4). Determine y(s).
-6
Let o(u) = -7 - 4839*u**2 + 2439*u**2 + 10*u + 2399*u**2. Suppose 5*t - 3*z = 49, -z + 13 = 2*t - 0*z. Determine o(t).
9
Let r(g) = -g**3 + 5*g**2 - 5*g - 2. Suppose -127*k + 121*k = 24. Let y be 5 - (k/(-4))/(2/2). Determine r(y).
-6
Suppose 3*y - 2*y + 5*k = 47, -y - 3*k + 37 = 0. Let r = y - 16. Let n(c) = c. Let p(m) = -m. Let w(l) = r*n(l) + 7*p(l). Calculate w(-1).
1
Let y(h) = 4*h + 2*h**3 + 4*h**2 + 63946 - 63939 - 5*h**2. Calculate y(-2).
-21
Let f(g) = g**3 - 6*g**2 - 2*g + 7. Let t(y) = 53 + 17*y - 8*y - 3. Let j be t(-5). What is f(j)?
-28
Let h(o) be the third derivative of 9*o**5/20 - o**4/24 + o**3/6 - 124*o**2 + 3*o - 1. Give h(1).
27
Let g(r) be the first derivative of 5*r**3 - 15*r**2/2 + 2*r + 10178. Calculate g(3).
92
Let h = 12 - 11. Let l(s) = -h + 5 - 2 + s + 5. Let w be 180/(-330) - (-142)/(-22). Determine l(w).
0
Let z(s) be the first derivative of -s**4/6 - 5*s**3/3 - 5*s**2/2 - 57*s - 47. Let c(o) be the first derivative of z(o). Determine c(-4).
3
Let k be (5/9)/((-600)/(-270) - 2). Let r(o) be the first derivative of k*o**2 + 7*o + 1/4*o**4 + 34 - 7/3*o**3. Give r(6).
1
Let g(a) = -a**2 - 5*a - 2. Let q(p) = -2 - 15*p + 0 - 3 - 3. Let l be q(-2). Supp